 divided by 178?
176
What is the remainder when 127 is divided by 119?
8
Calculate the remainder when 339 is divided by 17.
16
What is the remainder when 57 is divided by 12?
9
What is the remainder when 245 is divided by 64?
53
Calculate the remainder when 46 is divided by 33.
13
What is the remainder when 822 is divided by 14?
10
Calculate the remainder when 289 is divided by 23.
13
Calculate the remainder when 85 is divided by 22.
19
What is the remainder when 170 is divided by 74?
22
Calculate the remainder when 315 is divided by 29.
25
What is the remainder when 1065 is divided by 31?
11
Calculate the remainder when 1790 is divided by 893.
4
Calculate the remainder when 257 is divided by 90.
77
Calculate the remainder when 10063 is divided by 183.
181
What is the remainder when 1288 is divided by 255?
13
What is the remainder when 139 is divided by 26?
9
Calculate the remainder when 90 is divided by 24.
18
Calculate the remainder when 315 is divided by 23.
16
What is the remainder when 61 is divided by 25?
11
What is the remainder when 1313 is divided by 103?
77
What is the remainder when 5949 is divided by 93?
90
Calculate the remainder when 160 is divided by 12.
4
What is the remainder when 1916 is divided by 958?
0
Calculate the remainder when 296 is divided by 99.
98
Calculate the remainder when 225 is divided by 19.
16
What is the remainder when 878 is divided by 110?
108
What is the remainder when 2109 is divided by 159?
42
Calculate the remainder when 274 is divided by 52.
14
What is the remainder when 143 is divided by 18?
17
What is the remainder when 1202 is divided by 28?
26
What is the remainder when 14121 is divided by 277?
271
What is the remainder when 1818 is divided by 6?
0
What is the remainder when 1317 is divided by 85?
42
What is the remainder when 525 is divided by 90?
75
Calculate the remainder when 837 is divided by 830.
7
What is the remainder when 7461 is divided by 1865?
1
Calculate the remainder when 522 is divided by 25.
22
What is the remainder when 13897 is divided by 50?
47
Calculate the remainder when 2466 is divided by 272.
18
Calculate the remainder when 238 is divided by 135.
103
What is the remainder when 3536 is divided by 161?
155
Calculate the remainder when 197 is divided by 106.
91
Calculate the remainder when 1263 is divided by 47.
41
Calculate the remainder when 12069 is divided by 170.
169
What is the remainder when 484 is divided by 49?
43
Calculate the remainder when 368 is divided by 176.
16
What is the remainder when 508 is divided by 126?
4
Calculate the remainder when 104 is divided by 86.
18
Calculate the remainder when 176 is divided by 147.
29
Calculate the remainder when 1642 is divided by 47.
44
What is the remainder when 9709 is divided by 117?
115
Calculate the remainder when 1188 is divided by 119.
117
What is the remainder when 119 is divided by 42?
35
Calculate the remainder when 81999 is divided by 164.
163
What is the remainder when 657 is divided by 442?
215
What is the remainder when 61 is divided by 29?
3
Calculate the remainder when 339 is divided by 31.
29
Calculate the remainder when 262 is divided by 24.
22
What is the remainder when 7598 is divided by 19?
17
What is the remainder when 2255 is divided by 61?
59
Calculate the remainder when 234 is divided by 50.
34
Calculate the remainder when 961 is divided by 474.
13
What is the remainder when 2064 is divided by 40?
24
Calculate the remainder when 856 is divided by 13.
11
Calculate the remainder when 886 is divided by 33.
28
Calculate the remainder when 3014 is divided by 3004.
10
What is the remainder when 195 is divided by 33?
30
Calculate the remainder when 1279 is divided by 61.
59
What is the remainder when 2535 is divided by 1267?
1
What is the remainder when 254 is divided by 22?
12
What is the remainder when 2684 is divided by 10?
4
Calculate the remainder when 2949 is divided by 246.
243
Calculate the remainder when 186 is divided by 17.
16
What is the remainder when 4332 is divided by 4?
0
What is the remainder when 322 is divided by 84?
70
Calculate the remainder when 201 is divided by 115.
86
Calculate the remainder when 352 is divided by 18.
10
What is the remainder when 279 is divided by 75?
54
What is the remainder when 146 is divided by 100?
46
Calculate the remainder when 4222 is divided by 44.
42
Calculate the remainder when 68 is divided by 26.
16
Calculate the remainder when 34 is divided by 10.
4
What is the remainder when 808 is divided by 20?
8
Calculate the remainder when 860 is divided by 97.
84
Calculate the remainder when 116 is divided by 61.
55
Calculate the remainder when 1156 is divided by 195.
181
Calculate the remainder when 38 is divided by 21.
17
What is the remainder when 29 is divided by 12?
5
Calculate the remainder when 28 is divided by 19.
9
What is the remainder when 2945 is divided by 295?
290
What is the remainder when 2385 is divided by 13?
6
What is the remainder when 319 is divided by 108?
103
What is the remainder when 103 is divided by 93?
10
What is the remainder when 220 is divided by 197?
23
Calculate the remainder when 337 is divided by 31.
27
Calculate the remainder when 181 is divided by 169.
12
Calculate the remainder when 810 is divided by 37.
33
What is the remainder when 183 is divided by 134?
49
Calculate the remainder when 696 is divided by 34.
16
What is the remainder when 197 is divided by 50?
47
What is the remainder when 121 is divided by 26?
17
Calculate the remainder when 862 is divided by 413.
36
What is the remainder when 512 is divided by 57?
56
What is the remainder when 1448 is divided by 22?
18
Calculate the remainder when 4047 is divided by 27.
24
Calculate the remainder when 280 is divided by 70.
0
What is the remainder when 732 is divided by 67?
62
What is the remainder when 485 is divided by 1?
0
Calculate the remainder when 1539 is divided by 510.
9
Calculate the remainder when 15 is divided by 9.
6
What is the remainder when 73 is divided by 7?
3
What is the remainder when 688 is divided by 137?
3
Calculate the remainder when 184 is divided by 17.
14
Calculate the remainder when 182 is divided by 3.
2
What is the remainder when 350 is divided by 117?
116
Calculate the remainder when 3231 is divided by 77.
74
Calculate the remainder when 62 is divided by 20.
2
What is the remainder when 216 is divided by 76?
64
Calculate the remainder when 49 is divided by 44.
5
Calculate the remainder when 648 is divided by 166.
150
Calculate the remainder when 990 is divided by 124.
122
Calculate the remainder when 3182 is divided by 8.
6
Calculate the remainder when 12988 is divided by 6493.
2
What is the remainder when 363 is divided by 11?
0
What is the remainder when 88 is divided by 34?
20
Calculate the remainder when 204 is divided by 41.
40
Calculate the remainder when 244 is divided by 21.
13
Calculate the remainder when 4534 is divided by 36.
34
Calculate the remainder when 24 is divided by 15.
9
Calculate the remainder when 3191 is divided by 152.
151
What is the remainder when 1654 is divided by 383?
122
What is the remainder when 2321 is divided by 207?
44
What is the remainder when 1535 is divided by 69?
17
Calculate the remainder when 34 is divided by 34.
0
Calculate the remainder when 307 is divided by 161.
146
What is the remainder when 29 is divided by 10?
9
Calculate the remainder when 1979 is divided by 339.
284
Calculate the remainder when 138 is divided by 35.
33
Calculate the remainder when 551 is divided by 126.
47
Calculate the remainder when 1097 is divided by 25.
22
Calculate the remainder when 1325 is divided by 32.
13
What is the remainder when 393 is divided by 204?
189
Calculate the remainder when 243 is divided by 71.
30
Calculate the remainder when 285 is divided by 42.
33
What is the remainder when 2420 is divided by 31?
2
What is the remainder when 39 is divided by 27?
12
Calculate the remainder when 507 is divided by 40.
27
What is the remainder when 153 is divided by 79?
74
What is the remainder when 365 is divided by 121?
2
What is the remainder when 215 is divided by 118?
97
What is the remainder when 60 is divided by 9?
6
Calculate the remainder when 213 is divided by 108.
105
Calculate the remainder when 48 is div